 + 34. Give c(-10).
-46
Let y(d) = -29*d - 134. Give y(-5).
11
Let n(s) = 20*s**2 - 222*s + 23. What is n(11)?
1
Let r(w) = -827*w + 15730. What is r(19)?
17
Let s(p) = -9*p - 157. What is s(-35)?
158
Let h(a) = a**2 - 6939*a - 41673. Determine h(-6).
-3
Let u(w) = 11456*w + 91649. Give u(-8).
1
Let t(w) = -2*w**3 + 6*w**2 + 9*w + 31. Determine t(6).
-131
Let r(c) = c**3 + 45*c**2 - 108*c - 629. Give r(-47).
29
Let n(p) = -88*p - 722. What is n(-5)?
-282
Let f(g) = -13*g**2 + 3200*g + 2706. Calculate f(247).
-11
Let n(z) = -z**2 - 42*z - 434. Determine n(-17).
-9
Let i(h) = h**2 - 184*h - 3597. Calculate i(-18).
39
Let s(l) = 2*l**2 + 32*l - 604. Calculate s(-29).
150
Let n(l) = -88*l**3 + 176*l**2 - l - 6. Give n(2).
-8
Let v(a) = 3*a**2 - 2*a - 3. Determine v(-5).
82
Let k(u) = -10*u**2 - 429*u + 18. What is k(-43)?
-25
Let z(r) = 106*r**2 + 2*r - 1. Give z(-1).
103
Let f(k) = 4*k**2 + 3*k + 116. Calculate f(-13).
753
Let r(y) = -67*y + 1814. Give r(27).
5
Let a(k) = -k**3 + k**2 - 6*k - 26. Determine a(-3).
28
Let z(i) = -2*i**2 + 20*i - 6. Give z(5).
44
Let n(b) = -2*b**3 - 3*b**2 + 17*b + 19. Determine n(-1).
1
Let h(y) = y**2 - 13*y - 200. Calculate h(21).
-32
Let y(z) = 40*z - 2764. What is y(69)?
-4
Let a(y) = 6*y + 5. Determine a(4).
29
Let p(o) = 2*o**3 + 59*o**2 + 194*o + 299. Determine p(-26).
-13
Let w(q) = 2*q**2 + 629*q - 3839. Give w(6).
7
Let u(s) = -300*s - 3294. Give u(-11).
6
Let x(z) = -z**2 - 24*z + 24. Determine x(7).
-193
Let h(z) = -31*z + 79. Calculate h(14).
-355
Let z(a) = -a**2 + 19*a - 46. What is z(13)?
32
Let z(r) = -1160*r - 2316. Give z(-2).
4
Let o(s) = 92*s - 55. What is o(4)?
313
Let f(x) = x**2 + 148*x + 1987. Determine f(-14).
111
Let p(h) = -3*h**2 + 171*h - 946. Give p(6).
-28
Let f(k) = k**3 + 4*k**2 - 86*k - 734. Calculate f(-9).
-365
Let s(m) = 2*m**3 + 74*m**2 + 138*m - 75. Calculate s(-35).
-5
Let f(x) = 36*x + 454. What is f(-13)?
-14
Let a(s) = -143*s - 194. What is a(-2)?
92
Let l(x) = -26*x**2 + 68*x - 11. Determine l(2).
21
Let y(j) = 3*j**3 + 242*j**2 - 81*j - 121. Calculate y(-81).
-121
Let s(a) = -7*a**2 - 463*a - 5103. Give s(-14).
7
Let n(r) = -r**3 + 8*r**2 + 25*r - 80. Determine n(3).
40
Let w(n) = -376*n**3 - 3*n**2 - 32*n + 35. Determine w(1).
-376
Let f(p) = -2*p**3 - 18*p**2 - 42*p - 145. Give f(-9).
233
Let u(m) = 74*m + 1821. Calculate u(-25).
-29
Let q(m) = -27*m**2 + 254*m. Determine q(9).
99
Let d(h) = -3945*h - 11835. What is d(-3)?
0
Let q(k) = -k**3 - 25*k**2 - 3*k + 174. Determine q(-25).
249
Let c(k) = -3*k**2 + 90*k + 97. Give c(31).
4
Let s(p) = 4*p**2 - 6*p - 10. Determine s(3).
8
Let x(q) = -q**3 + 44*q**2 - q + 65. Calculate x(44).
21
Let d(b) = b**3 + 4*b**2 - 46*b + 23. Give d(-9).
32
Let i(h) = -2*h**3 + 11*h**2 - 18*h - 7. Give i(6).
-151
Let a(j) = -6*j**2 - 87*j + 4. Give a(-20).
-656
Let b(a) = -69*a + 156. Give b(5).
-189
Let m(b) = -248*b**2 - 9*b + 4. Determine m(1).
-253
Let k(l) = l**2 - 77*l - 491. Calculate k(-6).
7
Let h(u) = 34*u - 113. Determine h(13).
329
Let a(b) = b**2 - 76*b - 789. What is a(85)?
-24
Let q(y) = 2*y**2 + 92*y - 298. Determine q(-49).
-4
Let f(b) = 410*b - 2058. Give f(5).
-8
Let r(l) = -115*l - 1605. Calculate r(-14).
5
Let n(t) = -t**3 + 40*t**2 + 319*t - 31. Calculate n(47).
-501
Let w(t) = 540*t + 6447. Give w(-12).
-33
Let a(q) = 3*q**2 - 44*q + 146. Give a(7).
-15
Let a(y) = y**3 + 28*y**2 + 34*y + 200. Give a(-27).
11
Let g(s) = -46*s - 4178. What is g(-91)?
8
Let w(s) = 6*s**2 + 25*s - 5. Calculate w(-10).
345
Let u(h) = -h**2 + 30*h + 106. Calculate u(43).
-453
Let n(y) = -y**3 + 64*y**2 - 488*y - 309. Determine n(55).
76
Let r(p) = -4*p**3 - 86*p**2 - 66*p - 508. Determine r(-21).
-4
Let y(k) = -128*k + 921. Determine y(7).
25
Let j(b) = b**3 + 14*b**2 + 22*b - 44. What is j(-12)?
-20
Let d(j) = -56*j + 6. Determine d(-2).
118
Let w(t) = -9*t**2 - 235*t + 26. What is w(-27)?
-190
Let l(d) = -715*d + 55046. What is l(77)?
-9
Let y(z) = -6*z**3 + 11*z**2 + 3*z - 12. Give y(2).
-10
Let k(y) = y**2 + 187*y + 7330. Determine k(-56).
-6
Let l(i) = i**2 + 33*i + 128. Determine l(-5).
-12
Let d(a) = -a**2 + 107*a - 1513. What is d(17)?
17
Let j(c) = -2*c**3 - 19*c**2 - 24*c + 30. What is j(-10)?
370
Let a(b) = -b**2 - 29*b - 163. Determine a(-8).
5
Let n(h) = 16*h**2 - 258*h + 255. Determine n(1).
13
Let z(b) = 51*b + 252. Determine z(-12).
-360
Let a(t) = -19*t**3 - 115*t**2 - 9*t - 7. Determine a(-6).
11
Let x(i) = i**2 + 44*i - 537. Give x(10).
3
Let z(c) = c**3 - 42*c**2 + 35*c - 158. What is z(41)?
-404
Let z(y) = -y**2 + 106*y - 419. Determine z(4).
-11
Let z(x) = -583*x + 19273. Calculate z(33).
34
Let r(b) = 26*b - 48. Calculate r(5).
82
Let y(o) = -o**3 + 67*o**2 + 288*o - 283. What is y(71)?
1
Let i(f) = -47*f - 1314. Give i(-15).
-609
Let z(u) = 508*u + 707. Calculate z(-1).
199
Let u(d) = -9*d - 9. Determine u(14).
-135
Let l(a) = -2022*a + 20175. Determine l(10).
-45
Let m(g) = -g**2 + 81*g - 1532. What is m(54)?
-74
Let v(d) = -d**3 - 94*d**2 - 719*d - 208. Determine v(-8).
40
Let r(l) = 219*l**2 + 1312*l - 11. Determine r(-6).
1
Let q(n) = 29*n**2 + 6*n - 3. What is q(2)?
125
Let j(t) = -535*t + 22420. Determine j(42).
-50
Let t(n) = -n**3 + 53*n**2 - 82*n - 1023. What is t(51)?
-3
Let y(n) = -53*n + 545. Give y(12).
-91
Let j(z) = 75*z + 1203. Give j(-16).
3
Let w(v) = -8*v**3 - 45*v**2 - 181*v - 1195. Determine w(-6).
-1
Let i(h) = -h**3 + 6*h**2 - 32*h + 32. Calculate i(8).
-352
Let t(o) = 34*o - 4956. What is t(146)?
8
Let t(b) = -b**2 + 97*b - 849. Give t(86).
97
Let f(w) = -23*w**2 - 2298*w + 162. What is f(-100)?
-38
Let h(t) = -t**3 + 16*t**2 + 34*t - 42. Give h(18).
-78
Let y(a) = -a**2 + 24*a - 48. What is y(41)?
-745
Let f(i) = -59*i - 2023. Determine f(-34).
-17
Let y(t) = t**3 - 20*t**2 + 31*t - 345. Calculate y(19).
-117
Let h(i) = 3*i**3 - 5*i**2 + 7*i - 8. Calculate h(2).
10
Let g(z) = -6*z**2 - 2*z + 68. Determine g(6).
-160
Let a(y) = 472*y + 3723. What is a(-8)?
-53
Let a(z) = 2*z**3 + 49*z**2 - 16*z + 241. What is a(-25)?
16
Let a(f) = -f**3 + 25*f**2 - 111*f + 81. Give a(20).
-139
Let k(b) = 454*b + 123047. Give k(-271).
13
Let v(d) = 1789*d + 37577. Determine v(-21).
8
Let g(r) = -r**3 - 39*r**2 - 35*r + 63. Calculate g(-38).
-51
Let z(n) = 11*n + 156. Calculate z(-17).
-31
Let q(f) = 1196*f**2 - 8372*f + 16. Determine q(7).
16
Let u(f) = -542*f - 3794. Give u(-7).
0
Let s(q) = q**2 + 15*q - 609. What is s(-33)?
-15
Let f(i) = 2017*i - 6045. Calculate f(3).
6
Let k(x) = 50*x**2 + 166*x + 661. Determine k(-4).
797
Let z(a) = 7*a**2 + 4*a - 16. Give z(2).
20
Let f(u) = u**3 - 23*u**2 + 6*u + 335. What is f(22)?
-17
Let q(l) = l**2 - 75*l + 896. Determine q(15).
-4
Let n(q) = -14*q**2 - 964*q + 142. Calculate n(-69).
4
Let j(m) = 8*m**3 - 442*m**2 + 112*m - 106. Determine j(55).
4
Let q(u) = u**2 + 16*u + 29. What is q(-17)?
46
Let z(t) = -921*t - 4616. Give z(-5).
-11
Let w(v) = 3*v**2 + 19*v + 100. What is w(-6)?
94
Let t(c) = -2*c**2 + 5*c + 8. Determine t(9).
-109
Let m(n) = -7*n**2 - 34*n - 7. Give m(-3).
32
Let h(v) = -243*v + 6061. Calculate h(25).
-14
Let v(f) = -660*f**2 - 7272*f - 124. Calculate v(-11).
8
Let m(w) = 20*w**2 - 106*w + 2. What is m(6)?
86
Let l(x) = 434*x - 5686. Calculate l(13).
-44
Let m(n) = 281*n - 851. Determine m(3).
-8
Let d(p) = p**3 + 4*p**2 + 8*p + 32. Calculate d(-5).
-33
Let w(j) = 54*j + 439. Determine w(-8).
7
Let c(x) = 60*x - 479. Determine c(7).
-59
Let x(a) = a**2 + 51*a - 136. Determine x(-49).
-234
Let k(f) = 54*f**2 - 446*f + 33. What is k(8)?
-79
Let a(f) = 57284*f - 57280. What is a(1)?
4
Let w(g) = -3*g**2 - 166*g + 1454. Determine w(-63).
5
Let b(i) = -i**3 - 11*i**2 + 276*i - 871. Determine b(-24).
-7
Let g(m) = -m**3 + 28*m**2 - 200*m + 74. Give g(15).
-1
Let y(h) = -25*h - 29. Calculate y(-1).
-4
Let g(k) = -111*k + 762. Give g(7).
-15
Let k(f) = -4*f**2 + 32*f + 975. What is k(0)?
975
Let d(w) = -17*w**2 + 14*w - 4. Determine d(6).
-532
Let a(x) = -811*x - 808. What is a(-1)?
3
Let w(l) = -l**3 - 20*l**2 + 45*l + 15. Calculate w(-22).
-7
Let n(f) = -f**2 - 5*f + 49. Give n(-14).
-77
Let p(d) = d**3 + 21*d**2 + 19*d - 5. Give p(-20).
15
Let c(y) = -21*y**3 - 9*y**2 - 14*y + 2. Give c(-2).
162
Let l(j) = j**3 + 11*j**2 - 4*j + 55. Determine 